 composite?
False
Is 8684723 prime?
False
Is 94815587 a prime number?
False
Is 4492157 prime?
True
Is 289185991 prime?
True
Is 17023169 prime?
True
Is 69312241 composite?
True
Is 24875207 prime?
False
Is 1726621 a composite number?
True
Is 1826113 a prime number?
True
Is 132363197 a composite number?
False
Is 3470821 prime?
True
Is 13869077 composite?
True
Is 280744949 prime?
True
Is 91071733 prime?
True
Is 344938855 prime?
False
Is 73046203 prime?
False
Is 10797161 composite?
False
Is 85525021 a composite number?
True
Is 6582029 a composite number?
True
Is 5824243 a composite number?
True
Is 3883573 a prime number?
False
Is 57998639 composite?
False
Is 10096649 composite?
False
Is 22256789 prime?
True
Is 1217674421 a prime number?
True
Is 30755653 composite?
False
Is 467863 prime?
False
Is 6895033 prime?
True
Is 7817633 composite?
True
Is 9645079 composite?
False
Is 41653517 a prime number?
True
Is 236492989 composite?
False
Is 194997449 prime?
True
Is 277496005 composite?
True
Is 102619879 prime?
True
Is 20962274 a composite number?
True
Is 1085291 a composite number?
True
Is 12605323 a composite number?
False
Is 2387879 composite?
True
Is 7111421 a prime number?
False
Is 162830873 prime?
False
Is 185653 composite?
True
Is 10166071 composite?
True
Is 324826 a composite number?
True
Is 2819449 a composite number?
False
Is 14591399 composite?
False
Is 24568473 composite?
True
Is 20963743 a prime number?
True
Is 771929573 composite?
False
Is 157474061 prime?
True
Is 317173 a composite number?
True
Is 154161523 a prime number?
True
Is 613459123 a prime number?
False
Is 3442521 a composite number?
True
Is 95311 prime?
True
Is 21838801 prime?
True
Is 2722267 composite?
True
Is 18345373 composite?
False
Is 21825337 prime?
True
Is 2110063 composite?
False
Is 6560821 a prime number?
True
Is 338440769 a prime number?
True
Is 58058761 prime?
False
Is 59103497 prime?
False
Is 6752001 prime?
False
Is 2292403 a prime number?
True
Is 90090167 a prime number?
True
Is 105098081 composite?
True
Is 5538721 a composite number?
False
Is 350392871 a prime number?
True
Is 2199889 composite?
False
Is 277193647 prime?
False
Is 3431791 a prime number?
False
Is 9853577 a prime number?
True
Is 14733106 prime?
False
Is 524950193 prime?
True
Is 26661463 a prime number?
False
Is 390469901 a prime number?
True
Is 1634333 a prime number?
True
Is 5752577 a composite number?
True
Is 73164809 a composite number?
False
Is 3031895 a prime number?
False
Is 1297227329 a composite number?
False
Is 37475881 composite?
True
Is 113996683 a composite number?
False
Is 318907151 a composite number?
False
Is 44961043 a composite number?
False
Is 42605449 composite?
False
Is 29459483 a prime number?
True
Is 103285069 composite?
True
Is 42095 a prime number?
False
Is 14554378 a prime number?
False
Is 341124649 prime?
False
Is 37112573 a prime number?
False
Is 159576709 composite?
False
Is 21527659 a composite number?
False
Is 110311 a composite number?
False
Is 103133 a composite number?
True
Is 27080531 a prime number?
False
Is 40433077 a composite number?
False
Is 159502787 composite?
False
Is 46845187 a prime number?
True
Is 4585561 prime?
True
Is 5339987 a composite number?
False
Is 627593 prime?
True
Is 6540719 prime?
True
Is 105199241 prime?
False
Is 5632969 a prime number?
True
Is 334933 a composite number?
True
Is 193387537 composite?
True
Is 72201299 a prime number?
True
Is 220084819 a prime number?
True
Is 208099991 a prime number?
False
Is 1165681 prime?
False
Is 70020449 composite?
False
Is 574859 prime?
True
Is 157081 a composite number?
False
Is 4965691 composite?
True
Is 163018 a composite number?
True
Is 6702239 composite?
False
Is 17544551 prime?
True
Is 1078601 composite?
True
Is 196575559 a prime number?
True
Is 73605991 prime?
False
Is 14016941 a composite number?
True
Is 5317037 a prime number?
False
Is 105466549 a prime number?
False
Is 2394519 prime?
False
Is 34549247 prime?
True
Is 20333749 a composite number?
True
Is 22008269 a composite number?
False
Is 84193897 a prime number?
True
Is 161691763 prime?
False
Is 1081973 a composite number?
True
Is 1291547 a composite number?
False
Is 10200157 composite?
True
Is 6012129 prime?
False
Is 81029017 a prime number?
True
Is 56344909 composite?
True
Is 11472439 a composite number?
True
Is 14948029 a composite number?
False
Is 160799189 a composite number?
False
Is 404464181 prime?
False
Is 20936323 a composite number?
True
Is 10615615 a composite number?
True
Is 143617 prime?
True
Is 320234 a composite number?
True
Is 3957497 composite?
True
Is 814462961 a prime number?
False
Is 5394371 composite?
True
Is 47385691 a prime number?
True
Is 4839701 prime?
False
Is 64636939 a prime number?
False
Is 8472551 a prime number?
False
Is 22335971 prime?
False
Is 41262157 a prime number?
False
Is 13902829 a composite number?
True
Is 66383 composite?
False
Is 48565727 a prime number?
False
Is 17318569 prime?
True
Is 906501 a composite number?
True
Is 4021835 prime?
False
Is 101901911 prime?
False
Is 95100763 a composite number?
False
Is 11251 a prime number?
True
Is 17381261 composite?
True
Is 30996073 prime?
False
Is 395071181 composite?
False
Is 114611317 a composite number?
False
Is 2152723 composite?
True
Is 42398427 prime?
False
Is 57094333 composite?
False
Is 446389771 a composite number?
True
Is 37478459 composite?
False
Is 1504201 composite?
True
Is 7033547 a composite number?
False
Is 3421393 a prime number?
True
Is 25795661 prime?
True
Is 75759611 composite?
True
Is 889271 composite?
False
Is 152768129 prime?
True
Is 4841887 prime?
True
Is 35702783 a composite number?
False
Is 97748957 composite?
True
Is 8205643 composite?
False
Is 8097221 prime?
False
Is 26961401 a prime number?
False
Is 30535207 prime?
True
Is 43990981 prime?
False
Is 9718727 composite?
False
Is 527441 a composite number?
False
Is 852749 a prime number?
True
Is 7679281 a composite number?
False
Is 72365309 a prime number?
True
Is 4523917 a prime number?
True
Is 8624845 a composite number?
True
Is 338083741 a composite number?
False
Is 32740259 composite?
True
Is 61066981 a composite number?
False
Is 6732478 a prime number?
False
Is 194774753 a prime number?
False
Is 9867287 a composite number?
True
Is 40688623 prime?
True
Is 469877 a composite number?
False
Is 1341821 a composite number?
True
Is 33713681 a prime number?
True
Is 250903091 composite?
False
Is 6137033 a prime number?
False
Is 7754569 a composite number?
True
Is 60268953 a composite number?
True
Is 170954779 a composite number?
False
Is 8888063 a composite number?
False
Is 23258239 prime?
True
Is 11591851 a prime number?
False
Is 1666961 prime?
False
Is 70756351 prime?
True
Is 148363247 a composite number?
True
Is 7175351 a composite number?
False
Is 713289 prime?
False
Is 186228551 prime?
True
Is 14121083 a prime number?
False
Is 2911141 prime?
True
Is 1358941 composite?
True
Is 257801419 a composite number?
True
Is 29801181 prime?
False
Is 3524147 composite?
True
Is 33468377 prime?
True
Is 764837 a composite number?
False
Is 2702305 a composite number?
True
Is 32671571 a composite number?
False
Is 2106467 composite?
True
Is 3931927 a composite number?
False
Is 227301281 prime?
True
Is 513397 a prime number?
True
Is 21333569 composite?
False
Is 634727 prime?
True
Is 330596843 prime?
True
Is 5245391 prime?
True
Is 53273039 a composite number?
True
Is 90311093 prime?
False
Is 170366747 a prime number?
True
Is 1898634067 a composite number?
True
Is 1969111 prime?
True
Is 7854103 prime?
False
Is 79154423 a prime number?
True
Is 2578567 a composite number?
True
Is 903559 composite?
True
Is 5373761 composite?
False
Is 8631139 composite?
True
Is 12690023 a composite number?
True
Is 98083919 prime?
True
Is 253064657 a prime number?
True
Is 148280735 a prime number?
False
Is 2347129 prime?
True
Is 22314199 prime?
True
Is 1409719 composite?
True
Is 154319307 composite?
True
Is 80910707 composite?
True
Is 814335703 a composite number?
True
Is 147762983 prime?
False
Is 140519 a composite number?
True
Is 294746626 a composite number?
True
Is 66210493 a prime number?
False
Is 2889245 a composite number?
True
Is 32668081 a prime number?
True
Is 1679033 a prime number?
True
Is 26795459 a prime number?
Tru